et u(v) = -g*v + 7*v + 0*v**2 + 3*v - 3 + v**3 + 3*v**2. Determine u(-4).
-3
Let q(l) = l - 3. Let m(s) = -10*s - 6. Let u be m(-6). Let b be (-4)/(-3) + 360/u. Determine q(b).
5
Let f(n) = -2*n - 12 - 14 - 13 + 48 - 13. Determine f(13).
-30
Let h = 44 - 28. Suppose -5*r + 4 = -h. Suppose -3*f + 3 = -r*g, -4*g - 2*f + 37 = 3*f. Let u(s) = 2*s**2 - 5*s + 2. Determine u(g).
5
Let y(a) = 3*a**2 - 9*a + 9. Let i(h) = h**2 - 3*h + 3. Let m(x) = -8*i(x) + 3*y(x). Give m(3).
3
Let t(b) be the third derivative of -b**5/60 - 5*b**4/8 + 13*b**3/3 + 182*b**2. Calculate t(-16).
10
Suppose 4 = 3*h - 14. Let t(p) = 4*p + 8 + p**2 - h - 9. Let f(a) = 2*a - 1. Let s be f(-2). What is t(s)?
-2
Let d(o) = -o + 1. Let l(u) = u**2 + 8*u + 8. Let f be l(-6). Let k be (-12)/f*4*(-1)/6. Determine d(k).
3
Let u(c) = -10*c**2 - c + 1938 + 2*c - 1938. Let i(d) = d**3 + 3*d**2 - 5*d - 3. Let h be i(-4). What is u(h)?
-9
Suppose -l + 5*i = 3*l + 13, -l = -3*i + 12. Suppose -2*g + 9 = h, -h - h = -g - l. Let d(m) = 3*m + 4 + 2*m**2 - 2*m**2 - 2*m**2. Determine d(h).
-5
Let g(m) = -11*m + 5. Let i(c) = -16*c + 8. Let t(b) = 8*g(b) - 5*i(b). Let r(u) = -u**2 + 4*u - 2. Let w be r(4). Determine t(w).
16
Let o(p) be the second derivative of 1/3*p**3 + 9/2*p**2 + 22*p - 7/12*p**4 - 1/20*p**5 + 0. What is o(-7)?
-5
Let p(u) = -u + 5. Let k = 8 + 0. Let y = k - 8. Suppose -7*z + 4*z = y. What is p(z)?
5
Let o be (-155)/31*2/2. Let j(k) = k**2 + 5*k + 1. Calculate j(o).
1
Suppose -40 = 5*p + 5*i, 2*i = 3*p - 0*i + 4. Let u = p - -1. Let f(c) be the second derivative of -c**4/12 - 5*c**3/6 + c**2 - 11*c. Determine f(u).
8
Suppose 6 = -15*z + 21. Let i(g) = -3*g**3 - g**2 + g - 1. Determine i(z).
-4
Let v be (-4 + 19)/(-3) - -3 - -8. Let y(c) = -3*c**2 + 7*c**2 - 6*c - 2 - c**3 + 5 + 3*c**2. Determine y(v).
3
Let p(d) = -d**2 - 12*d - 8. Let j(u) = u + 1. Let g(i) = 5*j(i) + p(i). Let n be (20/60)/((-155)/75 + 2 + 0). Determine g(n).
7
Let i(c) be the third derivative of -c**4/24 - c**3/3 + c**2 - 39*c. Give i(-5).
3
Suppose 4*l - 5*n = -n, -20 = -4*n. Let v(y) = 35*y**2 - 3*y + 0*y - 4*y + 5 - 34*y**2. Calculate v(l).
-5
Let q(a) = -a**3 + 4*a**2 - 2*a + 1. Let i be 3/1 - (-5 + (-2)/(-2)). Let m(o) = -o + 10. Let j be m(i). Determine q(j).
4
Let k(d) = -2*d - 55. Let a be k(-31). Let v(r) = -3*r + 7. What is v(a)?
-14
Let l(s) = -2*s. Let u be (-188)/(-7) + 2/14. Let d = u - 22. Determine l(d).
-10
Let s(c) = -12*c**3 - 46*c**2 + 22*c + 43. Let f(j) = -5*j**3 - 22*j**2 + 11*j + 21. Let x(u) = -7*f(u) + 3*s(u). Calculate x(15).
42
Let i(v) = -10 + 6*v - 9*v**2 + 14*v**2 - v**3 + 0*v**3 + v**2. Determine i(7).
-17
Let v(o) = o**2 + 9*o - 7. Let g be v(-10). Let k(q) = -3*q**2 + 6*q + 2. Let h(i) = 2*i**2 - 4*i - 1. Let a(b) = 4*h(b) + 3*k(b). Determine a(g).
-1
Let v be 1/1*(107 - 110). Let g(a) = 2*a + 1. Give g(v).
-5
Let q(c) = 22*c**2 - 62*c - 2. Let g(j) = 9*j**2 - 25*j - 1. Let b(k) = -12*g(k) + 5*q(k). What is b(7)?
30
Suppose 3*s + 86*c - 84*c = 7, -c - 19 = -3*s. Let g(k) = -5*k + 7. Determine g(s).
-18
Let g(v) = -6*v**2 - 12*v + 11. Let u(t) = 7*t**2 + 13*t - 12. Let a(i) = 6*g(i) + 5*u(i). Suppose r - 7*o = -2*o - 33, -4*r + 2*o - 42 = 0. Calculate a(r).
-2
Suppose 2*o + 2*o = 28. Let m be 360/(-14) + (-2)/o. Let y = m - -24. Let g(d) = -d**3 - 3*d**2 - d. Give g(y).
-2
Suppose 0 = -5*r + 874 - 74. Let g(x) = r*x - 80*x - 89*x. What is g(1)?
-9
Let m(k) be the second derivative of k**3/3 - 242*k. Give m(2).
4
Let d(s) = s. Let m = -17 + 17. Suppose -4*o = -22 - 18. Suppose 4*i - 5*u = i - o, -2*u + 4 = m. Give d(i).
0
Let j be (2 + -1)/(2/26). Let n(k) = -k**2 + 11*k - 3. Calculate n(j).
-29
Let x(m) = -m**3 + 7*m**2 + 6*m - 4. Suppose 130 = 13*d + 26. Calculate x(d).
-20
Let c(o) = 14*o + 0*o - 5 + 6*o. Let x(r) = -5*r + 1. Let m(f) = 2*c(f) + 9*x(f). Calculate m(-1).
4
Let f(i) = 0 - i + 0*i**3 + 5*i**2 - 4 + 0*i + i**3. Suppose 6 = -2*m - 4*c, -4*m = -0*m - 2*c + 22. Give f(m).
1
Let l(v) = -v**3 - 2*v**2 + v + 1. Let f be l(-3). Suppose -3 - 5 = -4*p. Let i(z) = 4*z + 7*z - 7 - 2*z - z**p. Give i(f).
7
Let f(m) = 2*m. Suppose 0 = -4*u - 17 + 17. Let o(d) = -3*d**3 - 1 + 2*d**3 + d**2 - d - 5. Let j be o(u). Give f(j).
-12
Let z be 4/(-10) - (-168)/70. Let r(m) be the second derivative of 2*m**z - 1/6*m**3 + 0 - 2*m - 1/20*m**5 + 1/4*m**4. Calculate r(3).
1
Let i(l) = 6 - l - 2 - 3. Let h be 2*4/(-8)*-5. Let y be i(h). Let f(o) = -3*o + 1. What is f(y)?
13
Let m(n) be the second derivative of -n**5/20 - n**4/12 + n**3/6 + n**2 - n. Let v = 2448 + -2450. Calculate m(v).
4
Let c(b) = 7*b**2. Suppose -5*f + 11*f - 6 = 0. What is c(f)?
7
Let d(y) = -4*y + 134. Let m be d(33). Let j(s) = 1 + 0*s + s - 2*s. Give j(m).
-1
Suppose -215 = -2*n - 0*n - 3*l, 2*l = -5*n + 554. Suppose 5*h - 127 = -n. Let t(q) = -q**3 + 4*q**2 - 3*q - 1. What is t(h)?
-1
Let j(t) = 3*t**2 - t. Let n be j(1). Suppose s - 15 - 10 = -3*v, -2*s + 15 = -v. Let z(d) = -2*d + 0*d + 8 - s. What is z(n)?
-6
Suppose 0 = 2*l - 3*l - 3*x + 15, 0 = 3*l - 5*x + 25. Let k(t) be the second derivative of l - 2*t - 1/6*t**3 - 2*t**2. Calculate k(-4).
0
Suppose 2*n + 9 = 7, -3*z + 3*n = -12. Let f(p) = -p**2 + 5*p - 1. Let m be f(6). Let v(u) = 3*u - 1. Let t(r) = 5*r - 1. Let i(w) = m*v(w) + 4*t(w). Give i(z).
0
Let f(d) be the second derivative of -d**3/3 - 2*d**2 + 12*d. What is f(4)?
-12
Let t be (-1)/(10/47) - (-216)/(-720). Let v(j) = -1. Let a(y) = y + 7. Let b(z) = -a(z) - 6*v(z). What is b(t)?
4
Let d(p) = 2*p**2 + 4*p. Let a(u) = u**2 - u + 1. Let v(c) = -3*a(c) + d(c). Let r be (-7)/(-1 - -4 - 4). Calculate v(r).
-3
Let z(x) be the second derivative of x - 7/2*x**2 + 1/24*x**4 + 0 + 1/3*x**3. Let t(u) be the first derivative of z(u). Determine t(-3).
-1
Let i(l) be the second derivative of l**4/12 + l**3/2 - l**2/2 + 154*l. Suppose 6*g - 3*g = 5*a + 26, -2*g - a = 0. Give i(g).
9
Let i(h) = -h**2 + 6*h + 4. Let a be i(6). Let y(t) = 9*t + 2. Let b(u) = -u. Let w(x) = a*b(x) + y(x). Calculate w(2).
12
Let b = -19 + 20. Suppose 0*k - 5*k - 20 = 0. Let c(j) = 6*j + 3. Let p(u) = -12*u - 5. Let t(f) = k*p(f) - 7*c(f). Calculate t(b).
5
Let g(d) = d - 5. Let j(a) = -3*a - 14. Let t(b) = b**3 - 8*b**2 + 8*b - 13. Let s be t(7). Let c be j(s). What is g(c)?
-1
Let l(p) be the second derivative of p**5/20 + p**4/2 - p**3/3 - 9*p**2/2 - 14*p + 33. Let w(v) = -2*v**2 + 3*v + 3. Let r be w(3). What is l(r)?
3
Let b(c) = -7*c**2 + c. Let p be 4 + 3 + (3 - 3). Suppose 0 = p*s - 4*s + 3*a, -4*s = a - 3. Give b(s).
-6
Let c be 114/8 + 3/(-12). Let m(t) = t**3 - 7*t**2 + 6 + 9*t - 3*t + c*t**2 + 2*t. Suppose 3*f = 4*f + 3*v + 6, 4*f + 3*v = -24. What is m(f)?
-6
Let v(p) = 2*p**3 + 6*p**2 + 8*p. Let h(w) = 3*w**3 + 7*w**2 + 9*w + 1. Let y(n) = -3*h(n) + 4*v(n). Suppose 0*f = -2*f + 8. What is y(f)?
1
Let p(m) = 3*m - 16. Let j(v) = 6*v - 23. Let q(u) = 5*j(u) - 8*p(u). Give q(-5).
-17
Let v(d) = -d**3 + 3*d**2 + 4*d + 5. Let r(n) = -n**3 + 5*n**2 + 6*n + 11. Let h be r(7). Let b = -68 - h. Let y = -19 - b. Give v(y).
5
Let v(s) be the second derivative of -s**5/20 + 5*s**4/6 - 5*s**3/6 + 5*s**2/2 - 3*s - 60. Give v(9).
41
Let a(p) = -6*p**2 - 5*p - 11. Let v(c) = -5*c**2 - 5*c - 11. Let n(o) = 4*a(o) - 5*v(o). Let x(d) be the first derivative of n(d). Give x(-6).
-7
Let p(a) = -296*a**2 + 3*a + 0*a - 2*a**3 - 1 + 588*a**2 - 293*a**2. What is p(2)?
-15
Let r = 0 - -5. Let x(q) = 8*q + 7. Let y(n) = 9*n + 8. Let h(d) = 7*x(d) - 6*y(d). Calculate h(r).
11
Suppose -4*j - 8 = 2*x, -j + 0*j = -x + 2. Let i(m) = -8*m - 14. Let f be i(j). Let y(o) = 3*o**3 - 2*o**2 - 3*o + 2. Calculate y(f).
12
Let k(v) = -5*v**3 - 3*v**2 + 2*v - 1. Suppose 168*h - 96 = 120*h. What is k(h)?
-49
Let z be -1 - (-13)/15 - 768/(-360). Let d(p) = -4 + 5 + 0*p**2 - 3*p**2 + 0 + p. Give d(z).
-9
Let m(z) = -37*z**2 + 6*z - 2*z - 3*z + 36*z**2. Suppose -h + 7*n = 4*n - 1, n = -1. Determine m(h).
-6
Let a(l) = 18*l + 2 + 6*l**2 - 2*l**2 + 6 - 2*l**2 - l**2. Determine a(-17).
-9
Let q(u) = -3 + 2*u - u + 0. Let f be q(5). Let j(v) = 5*v - v**f - 4*v - 6 + 6*v. What is j(6)?
0
Let l(n) = -n**3 + 5*n**2 - 2*n + 7. Suppose 4 = 5*t + 4*p - 13, 11 = t - 3*p. Determine l(t).
-3
Let b = 13 - 11. Suppose q = -2*u - 2*u + 20, 0 = -b*q + 2*u + 80. Let i = q - 